78)) a composite number?
False
Let r = -4 + 1. Is ((-370)/15)/(2/r) prime?
True
Let r be (-48)/20*80/(-3). Suppose 3*d - 7 = p + 51, -4*d + 20 = 0. Let i = p + r. Is i composite?
True
Suppose 0*d - 20 = 5*d. Let s = d - -4. Suppose s = -4*t + 37 + 15. Is t composite?
False
Let u be (-2 - 2)*(-9)/(-12). Is ((-148)/(-12))/((-1)/u) a composite number?
False
Let v = -5 - -44. Suppose -v = -q - 132. Let z = q + 146. Is z composite?
False
Suppose 0 = 2*a + 3*x - 107, 2*a - 4*x = -3*a + 210. Is a a prime number?
False
Let s be -1 + -6 - 3*1. Is s/45 + (-1534)/(-18) prime?
False
Suppose 0 = 4*x - 5*a - 1209, 0 = -3*x - x - 4*a + 1200. Is x prime?
False
Let m(q) = -q**3 - 13*q**2 - 12*q + 7. Let g be m(-12). Let i be 0*(7/2)/g. Suppose 3*d + 2*d - 5 = i, -294 = -5*f + d. Is f a composite number?
False
Let x = -14 - -13. Is x/1*(-1004)/4 a prime number?
True
Let c(q) = 3*q**3 - q**2 + 3*q**2 - 4*q**3 - 7*q + 13*q**2 - 10. Is c(11) a composite number?
False
Suppose j - 6 = -3. Suppose -j*w - 4 = -5*w. Is w composite?
False
Let t = -1933 + 3732. Is t a prime number?
False
Suppose -14 = -t - 3*x, -3*x + 4 = 2*t - 18. Is t + -9 + 33 + -1 composite?
False
Let t be 1 - -2 - (34 + 1). Let l = 35 - t. Is l a composite number?
False
Let w be 1 - (2 - (-2 - -3)). Let f(q) = 5 + w*q - q + 2*q. Is f(6) composite?
False
Suppose 0 = 2*c - 0*c - 6. Suppose 2 = k - c. Suppose -3*w - 45 = -2*g - 0*g, k*w - 100 = -5*g. Is g a prime number?
False
Suppose 29 = u - 3*d, -2*u - u + 4*d = -92. Let c be (2*-1)/((-2)/4). Suppose u = 4*q + c. Is q a prime number?
True
Suppose 0 = 3*n - 5*n + 450. Suppose 5*o = -2*r + 219, -5*r + 4*o + 405 = -n. Is r composite?
True
Suppose 0 = 3*s + 2*s + 820. Let v = 87 - s. Is v a prime number?
True
Let c(s) = -2*s**3 - 3*s**2 - s + 1. Is c(-6) composite?
False
Let w(p) = p**2 + 4*p + 1. Suppose 3*u + 8 = -u. Let h be -1 - (2 + u - -4). Is w(h) a prime number?
False
Let a = -239 - -166. Let h = a - -228. Is h prime?
False
Suppose -5*a - 2*s + 27 = -s, 0 = -5*a + 2*s + 21. Suppose -452 = -3*d + a*j, -d = -j + 4*j - 146. Is d prime?
True
Let y(x) = -13*x - 5. Let o(z) = z + 1. Let w(s) = 4*o(s) + y(s). Is w(-3) composite?
True
Is 1212 + 2/4*(-2)/(-1) a composite number?
False
Suppose -5*o + 8*o = 2877. Is o composite?
True
Let u(g) = 14*g**2 + 8*g - 5. Is u(6) composite?
False
Let q be (1 + -1)*(-7)/(-14). Suppose 4*b = -q*b - 4. Is b/(1/(-2)) - -67 composite?
True
Let y(d) = -3*d**2 + 3*d**3 - 2*d - 4*d**3 + 0*d - 2 - 3. Let n be (-1)/(-2)*1*-8. Is y(n) a composite number?
False
Suppose 1116 = -7*t + 16159. Is t a composite number?
True
Let v(x) = -5*x**3 - 2*x**2 + 2*x - 1. Let n be v(-3). Suppose -n = -5*r + 505. Is r a composite number?
True
Suppose 4*m - 7010 = -2*a, -5*a = m + 9129 - 26681. Is a a composite number?
False
Let g = 650 - -1622. Let d = g + -1621. Let l = d + -418. Is l composite?
False
Suppose 5*o = -3*i + 572, -i + 2*o + 257 - 59 = 0. Suppose -60 - i = -2*v. Is v prime?
True
Suppose -232 = -k + 487. Is k prime?
True
Suppose -g + 0*g + 63 = 0. Suppose -4*i - 6 = -7*i. Suppose g = i*b - 199. Is b composite?
False
Let y(k) = k**2 - 5*k - 4. Let b = -2 - 2. Let z = b - -11. Is y(z) a composite number?
True
Let c(g) = 11*g**2 - g + 5. Suppose 0 = 2*k - 13 - 19. Suppose -2*x = 2*x + k. Is c(x) composite?
True
Suppose 4*r = t - 4 - 755, -4*t = -r - 3021. Suppose -7*n + 3*n + t = -3*d, 0 = -n - 2*d + 197. Is n prime?
True
Suppose 0 = q - 5*q - v + 15, 5*q + v - 19 = 0. Suppose 0 = 2*d - 10, -3*d = -z - q*z - 1490. Is z/(-20)*(-1 - -21) a composite number?
True
Let h = 133 + -68. Is h a prime number?
False
Is (-3 - 1) + 7 + 6 a composite number?
True
Suppose -2*o - o + 1257 = 0. Is o a composite number?
False
Let f be -6*(3/(-2) - -2). Let g(k) = -k - 1. Let m be g(f). Suppose m*y - 2*t - 10 = 0, -2*y = -3*t + 5 - 13. Is y a prime number?
True
Suppose -4*q - 9 = -4*s - 1, -2*s - 3*q + 4 = 0. Let m be s/3 + (-33)/9. Let r = 86 + m. Is r prime?
True
Suppose -2*z = 2*z - 364. Is z a composite number?
True
Let z be (75/(-30))/(1/(-2)). Suppose -5*b + 79 = z*m - 16, m - 2*b - 4 = 0. Is m composite?
True
Let x(o) = o**2 + 3*o + 2. Let v be x(-2). Suppose -2*g + 13 + 7 = v. Is g/4*(1 - -3) a prime number?
False
Let u = 0 + 8. Let r = 27 + u. Is r a composite number?
True
Let b = 68 + -204. Is (b/(-6))/((-6)/(-9)) prime?
False
Suppose 5*r - 2*f - 25 = 0, 3*f + 25 = 5*r - f. Suppose -6*g - 2 = k - r*g, k + 2*g + 7 = 0. Suppose -k*q - 2*q + 110 = 0. Is q a composite number?
True
Let g(i) = 14*i**2 + i. Let x be g(1). Let j be -1 + x/(3/1). Is 91/j*8/2 prime?
False
Let h = 11 - 7. Suppose 2*w - 2 = h*w, -5 = -5*f + 5*w. Suppose 2*j + u + 3 - 32 = f, -4*u = -3*j + 38. Is j composite?
True
Let b(w) = -w**3 + w**2 + 3*w - 1. Let z be b(2). Suppose -z = 3*h - 10. Suppose h*j + 4*r = 89, 2*j = 6*j + 5*r - 120. Is j composite?
True
Let x = 1944 - 913. Is x a prime number?
True
Let j = 2829 + 314. Is j composite?
True
Suppose 163 = -2*s + 1287. Is s prime?
False
Let d be (-37 + 1)*(-16)/24. Let o = d - -1. Is o composite?
True
Let b = 193 - 84. Is b a composite number?
False
Let l(g) = 4*g**3 - g**2 - 2*g - 1. Suppose 5*d - 4 + 14 = 0. Let f be l(d). Is (f/(-6))/((-2)/(-4)) prime?
True
Let y = 133 + -70. Suppose 5*x + 3*q - 120 = y, 2*q + 8 = 0. Suppose 2*f - 36 = -3*o, 3*f - x - 12 = -3*o. Is f composite?
True
Let i(w) = -w**3 - 25*w**2 - 30*w - 33. Is i(-25) a prime number?
False
Suppose 2*n - 31 = 39. Let t = n - -2. Is t composite?
False
Suppose a - 4*a - 706 = -4*l, 4*l - a = 710. Let q = l + -104. Is q composite?
True
Let b = 8 + -3. Suppose b*y + 12 = 77. Is y a composite number?
False
Let b be (-2*25)/(2/(-4)). Suppose -3*k + 5*r = -115, -3*r + b = 4*k - 34. Is k a composite number?
True
Let a(o) be the second derivative of o**4/12 + 2*o**3 - 9*o**2/2 + 3*o. Is a(10) a composite number?
False
Let o be (-68)/18 - 2/9. Is o + 2 - -93*1 prime?
False
Let u(a) = -a**3 - 9*a**2 - 3*a + 7. Let f be u(-9). Let c = f - -223. Is c composite?
False
Let l(t) be the second derivative of -47*t**3/6 + 2*t**2 - 2*t. Is l(-3) composite?
True
Let p(h) be the first derivative of 11*h**3/3 - 2*h**2 + 3*h - 26. Suppose 4*q = 10 - 2. Is p(q) a composite number?
True
Let c = 9 - 20. Let b = -5 - c. Let f(v) = 3*v - 3. Is f(b) prime?
False
Suppose -2 = 2*s - 8. Let v(a) be the third derivative of a**5/3 + a**4/8 + a**3/3 - 4*a**2. Is v(s) composite?
False
Let r = -6 + 8. Let p = r - -1. Suppose -p*o = 3 - 132. Is o prime?
True
Let a = 1 - 0. Suppose -b - 2 = -14. Is 810/b - a/2 composite?
False
Suppose -2*u + 4*v + 1366 = 0, -2*u = 5*v - 4*v - 1366. Is u a composite number?
False
Let o = -12 - -8. Is (-12)/o + 0 + 182 prime?
False
Let j = -16 - -22. Suppose 5*p - 505 = 5*m, -3*p - 4*m + 318 = -j. Let q = 161 - p. Is q composite?
True
Suppose -5*q + 17 = -2*j, -j = 4*q + 3*j - 8. Let x be 63 + (6/q - 2). Suppose -4*i + i + x = 0. Is i composite?
True
Let c be (-34)/(-6) + 6/(-9). Let n(d) = -d**3 + 5*d**2 + 1. Let g be n(c). Is (1*38)/(2/g) composite?
False
Let h(c) = -84*c + 8. Let p be h(4). Let n = -109 - p. Is n a composite number?
True
Is (-1)/(1 + (-2)/1114 - 1) composite?
False
Let d = 44 + -14. Suppose 6*v - 21 - 21 = 0. Suppose 4*l = -2*y + 14 + d, l + 5*y = -v. Is l prime?
True
Let r be 10*(3/(-6) + 0). Let a be r/(10/4) - 4. Is a/(-4)*376/12 composite?
False
Let k = 128 + 1820. Suppose 3*t + 1547 = 4*l, 3*l + 2*l + t = k. Is l a prime number?
True
Let p(j) = j**2 - 9*j + 14. Let m be p(7). Let t(k) = k**3 + 6*k**2 + 3*k + 1. Let a be t(-5). Let x = m + a. Is x a prime number?
True
Let t = 11 + 4. Is t a prime number?
False
Let s(i) = i**3 - 8*i**2 + 11*i - 5. Suppose -5*q + 2*o + 28 = 0, q + 0*q + 4 = -2*o. Suppose -28 = -0*f - q*f. Is s(f) composite?
False
Let y be 10/(-5) + (-1 - -12). Let b(g) = 37*g - 2. Is b(y) a prime number?
True
Let d(l) = 12*l**2 + 0*l**2 - l**3 + 4*l**2 - 9 - 13*l. Is d(15) a prime number?
False
Let m(b) = 2*b**3 + 5*b**2 + b - 6. Let f be m(-5). Let r = f - -231. Is r composite?
True
Is 159/2*(-8)/(-6) prime?
False
Let a be (44 + 3 - -3)*10. Let m = a - -291. Is m composite?
True
Suppose 5*j - 9*j = -7388. Is j a composite number?
False
Let y(f) be the second derivative of f**4/12 + 2*f**2 - 4*f. Is y(-3) composite?
False
Su